?
293
Let n(d) = -2*d + 19. Let j be n(6). Suppose -j*h + 160 = -3*h. What are the prime factors of h?
2, 5
Suppose -2*n + 5*v = -0*n - 322, 0 = -2*n + 3*v + 318. List the prime factors of n.
2, 3, 13
Let x(f) = -f**3 + f**2 - f + 3. Let g be x(0). Suppose r - 3*h = g*r - 21, 13 = r + 2*h. List the prime factors of r.
3
Let y(u) = u**2 + 2*u + 1. Let c be y(-1). Suppose 2*z - 42 = -c*z. List the prime factors of z.
3, 7
Let r(c) = -6*c + 4. Let j be r(-6). Suppose 0 = -4*h - 4*v + j, 22 = h + 2*v - 4*v. List the prime factors of h.
2, 7
Let j(t) be the third derivative of -t**6/120 + t**5/60 + t**3/3 + 2*t**2. Let u be j(0). What are the prime factors of 20/u + -3 + 0?
7
Suppose d + 2*d = 2*x - 19, 8 = -x - 2*d. Suppose x*s = y, -2*s = 4*y - 39 + 9. What are the prime factors of y?
2, 3
Let y = -131 + 223. Suppose -98 = -5*o + y. What are the prime factors of o?
2, 19
Let f(c) = 4*c**2 - 5. Let x(p) = 5*p**2 + p - 5. Let y(n) = -6*f(n) + 5*x(n). Let u be y(-6). Let q = u - 4. List the prime factors of q.
7
Let x(y) = y**2 - 6*y + 5. Let i be x(4). List the prime factors of ((-58)/i)/((-6)/(-9)).
29
Suppose 3*u - 2*v = 4, 2*u + 5*v + 10 = u. List the prime factors of u - 3/((-9)/33).
11
Suppose -13*m + 254 = -11*m. List the prime factors of m.
127
Suppose 7*g - 5*g = -46. Let n = -14 - g. What are the prime factors of n?
3
Let r(z) = z**3 - 13*z**2 + z - 8. What are the prime factors of r(13)?
5
Let d(w) = -w**3 - w**2 - w. Let c(x) = -2*x**3 - 11*x**2 + 7*x + 14. Let y(s) = c(s) - d(s). List the prime factors of y(-11).
47
Let f(z) be the first derivative of -1/3*z**3 + 4*z**2 - 1 - 7*z. List the prime factors of f(5).
2
Let l be (3 - 1)*(-10)/(-4). Suppose 29 = 2*w + 5*k, -l*w = -4*k + 3 + 7. Suppose 16 = 3*i - 2*r, -w*r + 12 = i - 4*r. What are the prime factors of i?
2
Let n = 0 - -3. Suppose 0*o - 39 = -n*o. What are the prime factors of o?
13
List the prime factors of (0 - -1) + (-9750)/(-39).
251
Suppose -10*i = -13*i + 531. List the prime factors of i.
3, 59
Suppose 11*v = 9*v + 302. Suppose 0*h = 3*h + 6, -5*o = -3*h - v. What are the prime factors of o?
29
Let d(o) be the first derivative of 3*o**2/2 - 3*o - 3. What are the prime factors of d(7)?
2, 3
Let j be -4*(-3)/(-1) - -2. Suppose 10 = d - 9. Let a = d + j. What are the prime factors of a?
3
Suppose 6*z + 17 = 7*z. What are the prime factors of z?
17
Suppose -320 = -0*y - 4*y + m, -2*m - 245 = -3*y. List the prime factors of y.
79
Let d be (-1)/2 + 105/10. Suppose 0*c + 2*c - d = 0. List the prime factors of c.
5
Let n be 96/36*(-36)/(-2). Suppose -13*b + n = -9*b. What are the prime factors of b?
2, 3
List the prime factors of 124/24*3*2.
31
Let n(u) = -u**3 - 3*u**2 - 5*u - 3. Let r be n(-3). Suppose r = -0*t + 4*t. Suppose -4*g - 7 = k - 29, t*g + 12 = 4*k. What are the prime factors of k?
2, 3
Let p = -9 + 13. Suppose -3*x = p*s - 131, 136 = 3*x + 2*s + 3*s. What are the prime factors of x?
37
Suppose 0 = -b + 10. What are the prime factors of b?
2, 5
Let k(i) = 7*i + 6. Let j be k(5). Let r = -24 + j. List the prime factors of r.
17
Let a(t) = -7*t + 3. Let r be a(2). Let m = r + 20. What are the prime factors of m?
3
Let b(j) be the second derivative of 0 - 2*j - 1/20*j**5 - 7/6*j**3 + 2/3*j**4 + 3/2*j**2. What are the prime factors of b(7)?
3
Let m(g) = g**2 + 2*g + 4. Let h be m(-3). Let j(k) = 3*k**2 + 5*k - 7. Let i be j(h). List the prime factors of i/15 - (-1)/3.
2, 3
Let q = 228 + -358. What are the prime factors of q/(-12) + (-3)/(-18)?
11
Let u = 94 - 101. Let c(d) = -3*d**2 - 8*d + 2*d**2 - 2 - 2. List the prime factors of c(u).
3
Let o(t) = 14*t**3 - t + 1. Let d be o(1). Suppose 5 = -a - 4. Let i = a + d. What are the prime factors of i?
5
Suppose -3*w = -2*w - 5, -3*w = 2*z - 25. Suppose 0 = 2*m + z - 1, 0 = 5*o - 5*m - 50. Let i(a) = -a**2 + 11*a - 12. What are the prime factors of i(o)?
2, 3
Suppose 16 = -0*z + 4*z. Let l = 8 + z. What are the prime factors of l?
2, 3
Let s be 1/(2/12*-2). Let l = s + 6. Suppose -42 = -l*u + 3*y, 0 = -4*u + 9*u + y - 76. List the prime factors of u.
3, 5
Let f = -77 + 86. List the prime factors of f.
3
Let p(j) = 4*j + 6. List the prime factors of p(6).
2, 3, 5
Let m(b) = b - 4. Let d be m(9). Let v(o) = -o**3 + 5*o**2 + 4*o - 2. Let h be v(d). Let j = h - 8. What are the prime factors of j?
2, 5
What are the prime factors of (15/(-45))/((-2)/138)?
23
Suppose -7*v + 154 = 7*v. What are the prime factors of v?
11
Let v(a) be the third derivative of a**2 + 0*a - 3/8*a**4 - 1/60*a**5 + 0 - 5/6*a**3. What are the prime factors of v(-7)?
3
Let m(t) = -t + 8. Let c be m(12). Let g(d) = 2*d**2 + 3*d - 8. List the prime factors of g(c).
2, 3
Let c(h) = -5*h**3 - h**2 + 2*h + 4. List the prime factors of c(-2).
2, 3
Let d(g) be the first derivative of -g**2/2 + 3*g - 5. What are the prime factors of d(-5)?
2
Let y(m) = m + 12. Suppose 3*p = -2*p - 35. Let l be y(p). Suppose 0*c + l*c = 15. List the prime factors of c.
3
Suppose -f + 5*f = 0. Suppose f = 5*w - 92 - 53. List the prime factors of w.
29
Let p(d) = 2*d + 2. List the prime factors of p(0).
2
Suppose 0*c = -2*c - 3*r + 36, 5*r + 44 = c. Let m = c + 56. Suppose -3*l = -5*o + m, -3*l + 11 + 42 = 2*o. What are the prime factors of o?
19
Suppose -2*b = -5*b + 105. What are the prime factors of b?
5, 7
Let n = -28 + 30. Let q(c) = 19*c - 1. Let g be q(1). Suppose -n*i + g = -14. What are the prime factors of i?
2
Let p(f) = 6*f**3 + 3*f**2 - f + 6. Let m(a) = -a**3 - 1. Let i(t) = 5*m(t) + p(t). What are the prime factors of i(2)?
19
Let p = -98 + 174. What are the prime factors of p?
2, 19
Suppose -5 + 3 = -m. Suppose 5 = 3*a + m. What are the prime factors of 3 - (0 + (a - 0))?
2
Let r(l) = -l**3 - 2*l**2 + 2*l - 1. Let o(n) = -2*n + 4. Let d be o(4). Let a be 46/(-14) - d/14. What are the prime factors of r(a)?
2
Suppose -532 = -5*d - 9*d. What are the prime factors of d?
2, 19
Let a(f) = -f**2 + 5*f - 2. Let n = 4 - 1. Let k be a(n). Suppose -k*h + 66 = 6. List the prime factors of h.
3, 5
Let u(s) = s**3 - s**2 + 5. Let n be u(0). Suppose m + 3*q + 27 = 0, -n*q + 43 - 104 = 3*m. Let o = m - -31. What are the prime factors of o?
19
Let x(n) = -n**2 + 5*n + 8. Let q be x(6). What are the prime factors of -4*(0 + (-3)/q)?
2, 3
Let u be ((-10)/(-25))/((-1)/(-10)). Let i = u + 3. What are the prime factors of i?
7
Let j be (-2*3)/(-1 + 2). What are the prime factors of (-20)/j*12/10?
2
Let s = -1 + 1. Suppose j + 4*j - 10 = s. What are the prime factors of j?
2
Suppose -5*b + x = -206, -5*b + 22 = -3*x - 176. Let t be (-14)/(-4) - (-2)/4. What are the prime factors of t/6*b/4?
7
Let c(q) = 4*q - 1 + 3*q - 5*q. Let h(v) = 3*v. Let m(y) = -4*c(y) + 3*h(y). List the prime factors of m(5).
3
Let b(h) = 4*h**3 - 2*h**2 + 3*h. Let d be 7*(12/(-14))/(-3). What are the prime factors of b(d)?
2, 3, 5
Let n(c) = c**3 + 37. Let w be n(0). Suppose 0 = q - 3*z - 4, -q - 13 = 2*z - w. List the prime factors of q.
2
Suppose 0 = -n + 5. Suppose 6 = i - 3*z, 2*i - 3*z - 4 = n. Suppose -4*d + 11 - i = 0. What are the prime factors of d?
2
Let k be ((-20)/8)/((-1)/2). Let d = k + 2. List the prime factors of d.
7
Let b(r) = -5*r - 69. What are the prime factors of b(-21)?
2, 3
Suppose b - 6*b + 220 = 3*h, -4*b - 256 = -3*h. List the prime factors of h.
2, 5
Suppose 3*g = 2*r + 13, 4*r + 0*r + 5*g = -15. Let y(b) = -2*b + 3. List the prime factors of y(r).
13
Suppose -3*s - y = 55, -2*s = 2*s + 2*y + 74. Let z be 6/s*(-14 - 1). Suppose 5*n + 0 + 10 = -z*t, t - 1 = -2*n. What are the prime factors of n?
3
Suppose j = -0*j - 5. Let g = j - -5. Suppose g = -d - 4*d + 75. What are the prime factors of d?
3, 5
Suppose 162 + 18 = 5*h. List the prime factors of h.
2, 3
Suppose -20 = -2*w + 42. List the prime factors of w.
31
What are the prime factors of 53 - (-3 - (-3 + 4))?
3, 19
What are the prime factors of ((-378)/9)/(-1 + 1/(-2))?
2, 7
Let p(m) = -m**2 + 12*m - 8. Let u be p(9). Suppose u = -4*g + 87. List the prime factors of g.
17
Let q(j) = 0 - 3 + 2*j + 3*j. What are the prime factors of q(2)?
7
Let v be ((-840)/(-9))/5*(-6)/4. Let l = 13 - 1. List the prime factors of v/(-6) + 4/l.
5
Suppose -3*k = -1 - 5. Let a be (0 + k)/(2/(-2)). What are the prime factors of ((-24)/(-9))/a*-6?
2
Let b 